 a = -2*v + 47. What is the units digit of 156/v - 1/(-2)?
7
Suppose 2*p + 3*p + 3*w - 31 = 0, -3*w = 4*p - 26. Suppose y = -p - 11. Let z = 21 + y. What is the units digit of z?
5
Suppose -b - 4 - 7 = 0. Let n(z) = -z + 18. What is the units digit of n(b)?
9
Suppose 8855 = 51*n + 26*n. What is the units digit of n?
5
Let w(z) = -z**3 + 6*z**2 - 3*z + 7. Let f be w(5). What is the tens digit of -1 + f*(4 + 0)?
6
What is the tens digit of (-8 - 615/(-30))*(-22)/(-5)?
5
Suppose -23*z + 2519 = -12*z. What is the tens digit of z?
2
Suppose 15 = 12*b - 7*b. Suppose 0*z - b*z + 201 = 3*g, 3*z - 4*g = 166. Suppose -2*y + z + 2 = 0. What is the units digit of y?
2
Let n be (-2 - -5)/(7 + -4). Let z(k) = 17*k**2 - k. Let u be z(-1). Let v = u - n. What is the tens digit of v?
1
Let d be 10/(1 - 3) - -3. Let x be (-1 - 2 - d) + 2. Suppose x = m - 40. What is the units digit of m?
1
Suppose 5*s = 2*k - 4*k + 5, -2*s = 2*k - 8. Let n be (4 - 2)*-42 - s. Let w = n - -133. What is the units digit of w?
0
Let s(h) = h**2 - 6*h + 5. Let q be s(6). Suppose j + 20 = -2*t - 31, -j + 117 = -q*t. Let n = t - -61. What is the units digit of n?
7
Let k be 3/(1*(-6)/(-62)). Suppose 5*t - 187 = -3*x, 0 = t + 3*x - k - 4. Suppose t = 6*n - 4*n. What is the tens digit of n?
1
Let k(n) = n**3 - 18*n**2 + 19*n + 3. Let p(l) = l**3 - 19*l**2 + 20*l + 4. Let f(q) = 6*k(q) - 5*p(q). What is the tens digit of f(12)?
2
Let q be (28/(-6))/((-6)/9). Let h = q - -5. Suppose -n + 6 = -h. What is the tens digit of n?
1
Suppose -4*i + 255 = i. Suppose 5*x - i = 4*x. What is the tens digit of x?
5
What is the hundreds digit of 12/(-60)*-445*9?
8
Let d be (15/(-10))/((-2)/4). What is the units digit of 10/(-3 - -7 - d)?
0
Suppose y = 5*l + 4*y, 3*l - 5*y = 0. Suppose -2*p + 36 = -l*p. Let s = 35 - p. What is the units digit of s?
7
Suppose n + 12 = 4*n - 3*b, b = -4*n + 16. Suppose n*g = 12, 3*g + 206 = 7*w - 2*w. What is the units digit of w?
3
What is the units digit of (-7 + (-4)/(-1))/((-1)/1287)?
1
Suppose 8*u - 5*u + 72 = 0. Let n = u - -29. What is the units digit of n/(-2)*(-18 - -16)?
5
What is the hundreds digit of (-1)/(4/(-9) - 15832/(-35784))?
4
Suppose -61*c = -52*c - 5607. What is the tens digit of c?
2
Let y = -2 + -12. Let w = -12 - y. What is the units digit of (w/2)/(5/25)?
5
Let k(v) = 2*v**2 - 4*v + 1. Let b be k(3). Suppose -9*o + 132 = -b*o. What is the tens digit of o?
6
Let a = -16 + 10. Let g be (-4)/10*(a - 4). Suppose 5*d = -5*m + 70, g*d - m = 100 - 34. What is the units digit of d?
6
Suppose -h = 3*l + 28, l - h - 3*h - 8 = 0. Let n be l/(-40) + (-38)/(-10). Suppose -3*r + 47 = -n. What is the units digit of r?
7
Let o = 45 + 89. Suppose -o = -b - b. What is the tens digit of b?
6
Suppose -3*b = -j + 1484, 10*b - 1454 = -j + 7*b. What is the hundreds digit of j?
4
Let a(g) = -42*g**3 + g**2 + 2*g + 1. Let f be a(-1). Suppose 2*h - f - 4 = 0. What is the tens digit of h?
2
Let t(a) = -a**2 + 1. Let x(d) = d**2 + 10*d - 7. Let n(g) = 2*t(g) + x(g). Suppose 0 = -5*i - m + 35, 5*i - 2*m - 14 = i. What is the tens digit of n(i)?
1
Let f be (-195)/(-4) + (-1)/(-9 - -5). What is the tens digit of f/1 - (2 + 1)?
4
Suppose -2*m = 2*u + 16, -m + 2*u = -6*m - 28. What is the units digit of (-142)/m + (-36)/(-24)?
7
Let h(i) = i**3 + 9*i**2 - 23*i - 2. Let b be h(-10). Suppose -8*u = -96 - b. What is the units digit of u?
8
Suppose -8*z - 1326 = -4838. What is the units digit of z?
9
Let l = 244 - 28. What is the units digit of l?
6
Let m = 49 - 46. Suppose -2*i + 25 + m = 0. What is the tens digit of i?
1
Let r(m) = -26*m - 50. Suppose -5*i - 25 = y, -4 = -5*i + 5*y + 1. What is the units digit of r(i)?
4
Let g = 2161 - 1491. What is the tens digit of (-6)/(-2)*g/30?
6
Let d(a) = -19*a + 47*a**2 + 1 + 43*a - 21*a + 1. What is the tens digit of d(-1)?
4
Let n(c) = 10*c - 8*c**3 + c**3 + 12 - 10*c**2 + 4*c**3 + 2*c**3. Let j = 2 + -13. What is the tens digit of n(j)?
2
Let q = 14465 - 10303. What is the thousands digit of q?
4
Suppose 0*a = -c + a - 1, -a + 1 = -3*c. Suppose c = 6*q - 5*q - 64. What is the tens digit of q?
6
Let z(u) = 8*u**2 + 3*u - 14. What is the units digit of z(-5)?
1
Suppose 2*y - 5*d + 42 = 0, 2*d + 22 = -4*y - 38. Let v = 20 + y. What is the units digit of (-4)/1 - (-17 + v)?
9
Let b(s) = 9*s - 49. Suppose 3*j = 2*q - 19, 20 = 6*j - 2*j. What is the tens digit of b(q)?
0
Let n(l) = 4*l - l**2 - 4*l**2 - 4*l**2 + l**3 - 8 - 3*l. Let i be n(9). What is the tens digit of (i - -2)/(57/380)?
2
Let g = -21 + 21. Suppose -3*f + 42 + 42 = g. What is the units digit of f?
8
Let a(h) = 2*h + 8. Suppose -6*b - 40 = -8*b. What is the units digit of a(b)?
8
Let u(x) = -12*x**3 - 5*x**2 - 4*x - 6. What is the units digit of u(-3)?
5
Let j = -183 - -3760. What is the units digit of j?
7
Suppose -5*v = 3*q - 6630, -59*q + 56*q + 2*v + 6651 = 0. What is the hundreds digit of q?
2
Let y(l) = -2*l - 18. Let s be y(-10). What is the tens digit of s/4 - 3423/(-14)?
4
Let q(s) = 6*s**3 - 2*s**2 - s. Let m be q(4). Suppose 3*k + 30 = -m. Let g = 181 + k. What is the tens digit of g?
5
Let u = 250 + -509. Let y = u + 368. What is the units digit of y?
9
Let i be (-1)/(1/(109/(-1))). Let l = i + -615. What is the units digit of l/(-33) - 1/3?
5
Let p(m) = -5*m**3 - 5*m**2 - 4. Let b(s) = 26*s**3 + 25*s**2 + 21. Let l(t) = 2*b(t) + 11*p(t). What is the units digit of l(-3)?
4
Let t(g) = 2*g**3 - 3*g**2 + g - 11. Let u(x) = -3*x**3 + 7*x**2 - x + 21. Let h(n) = -5*t(n) - 3*u(n). Suppose -3*z - 9 = 9. What is the units digit of h(z)?
4
Let n = -4 - -8. Suppose 3*q + 2*q = -3*j - 121, 0 = -n*j + 3*q - 113. Let u = j + 66. What is the tens digit of u?
3
Let j(f) = f**2 + 432. Let y be j(0). Suppose 5*t + 2*w = 557, -t + 5*t + 5*w = y. What is the hundreds digit of t?
1
Suppose 8 = 2*t - 0*t. Suppose -2*x + t*x = 8. What is the units digit of 23 + x + (1 - -1)?
9
Let s(c) = -24*c - 4. Let k be s(-7). Let j = k - 104. What is the units digit of j?
0
Let t = 281 - 60. Suppose 0 = 5*d + 5*f + 58 + 147, 5*d - 3*f = -t. Let y = -21 - d. What is the tens digit of y?
2
Let f be (-2)/3 + (-86)/(-3). Suppose 0 = 5*n - 65 + 25. Suppose s + n = f. What is the units digit of s?
0
Let b = -220 - -127. Let q = b + 195. What is the hundreds digit of q?
1
Let v = -12 - -10. Let s = 43 + -5. What is the tens digit of (s - -4)*v/(-3)?
2
Let x be 1/(4/(-14))*40. Let n = x + 207. What is the tens digit of n?
6
Let r = -401 + 1335. What is the hundreds digit of r?
9
Let n be (-1 - 0)/(11/(-22)). Suppose n*v - 7 = 1, 4*k - 2*v - 12 = 0. Suppose -o = m - 18, -k*m - 4*o + 122 = 27. What is the units digit of m?
3
Suppose 2*z = -2*s + 8, 3*s + 2 + 1 = 0. Suppose 4*r - 144 = -3*v, 0 = v - 5*v + 3*r + 167. Suppose z*x = 21 + v. What is the units digit of x?
3
Let u = 170 - 90. Let d = u + -18. What is the tens digit of d?
6
Let w = 57 + -10. What is the tens digit of w?
4
Let t = 13 - 4. Suppose 0 = 5*l - 10*l + 15. What is the units digit of t - (-2 - -1 - l)?
3
Suppose 4*q - 2251 = -5*j, -3*q + 1347 + 345 = 5*j. What is the tens digit of q?
5
Suppose -2*l = -6*l + 8. Suppose l*s + s - 159 = 0. What is the units digit of s?
3
Let l(z) = 12*z**2 + 20*z - 95. What is the thousands digit of l(9)?
1
Let f(i) = 7*i + 4. Let k(u) = -6*u - 4. Let x(p) = -5*f(p) - 6*k(p). Let s be x(-2). Suppose 0 = -6*o + s*o + 88. What is the units digit of o?
2
Let a = -12 + 9. Let g be (-4 + 3)*(a + -1). What is the units digit of g/14 + 33/7?
5
Let i(p) be the second derivative of 0 - 4*p + 13/6*p**3 - 1/2*p**2. What is the units digit of i(2)?
5
Let j be 1/((-2)/3 - 2145/(-3285)). Suppose 0 = -4*k + 4, 0 = -3*z + 8*z - 4*k + 564. Let h = j - z. What is the tens digit of h?
3
Let w be 245/10 - (-2)/(-4). Let g = -21 + w. Suppose -x = x - 2*y - 22, -g*x = 3*y - 39. What is the tens digit of x?
1
Suppose -l + 2 = -b - 2, 0 = 5*b - 4*l + 16. Suppose b + 8 = 2*h. Suppose 3 = c - h. What is the units digit of c?
7
Let q = 72 - -701. What is the units digit of q?
3
Let a(i) = -i**3 + 4*i**2. Let m be a(4). Suppose 1 = 2*f - f, m = -2*d + 2*f + 50. Let n = d + 32. What is the units digit of n?
8
Suppose 44*t = -14*t + 140940. What is the hundreds digit of t?
4
Suppose -2*v + 2*k + 12 = -0, 4*k = -5*v + 21. Suppose -d = -